) + h. What is the greatest common divisor of a and v?
6
Suppose -6 + 54 = 12*x. Let l be (x/4)/((-10)/(-430)). Calculate the greatest common factor of l and 301.
43
Suppose -5*q = -3*q - 4. Let h be (2/q)/(2/8). Suppose -12 = -h*v + 64. What is the highest common divisor of 38 and v?
19
Let a be 2337/(-33) - (-2)/(-11). Let c = 84 + a. Suppose -t = -i + 2*i - 41, 70 = 2*t - 4*i. Calculate the greatest common factor of t and c.
13
Let c(h) = h**3 - 4*h**2 - 12. Let p be c(5). Suppose 2*t + 5*y = -0*y + 306, -2*t + 294 = 2*y. What is the highest common factor of p and t?
13
Let f be (-24)/(2 + -6) + 2. Let n be (-5)/((-40)/36)*36. Let q be n/5 - (-14)/(-35). What is the greatest common factor of f and q?
8
Let l = -169 + 196. What is the greatest common divisor of 144 and l?
9
Let r = -525 - -1893. Calculate the highest common divisor of r and 48.
24
Let x = 3246 + -2107. What is the greatest common divisor of x and 67?
67
Let c be (-168)/(3 + -3 + 1). Let h = c + 286. Suppose 5*l - 2*a - 53 = h, -5*l + 3*a = -169. What is the greatest common factor of l and 5?
5
Let k = -127 + 239. What is the greatest common factor of 32 and k?
16
Let w be (260/(-3))/(1/(-6)). What is the highest common factor of 52 and w?
52
Let i(x) be the first derivative of 41*x**2/2 + 3*x - 18. Let q be i(2). What is the greatest common factor of 17 and q?
17
Let x(b) = -b + 7. Let y be x(6). Suppose 5*t - 55 = -5*w, t - w + 2 - 5 = 0. What is the greatest common factor of t and y?
1
Let d = -23 - -17. Let g(m) = -10*m - 14. Let b be g(d). Calculate the highest common divisor of b and 23.
23
Let w be -1*(3/3 + 0). Let r = w - -4. Let s be (-11)/22*(-1 - 17). Calculate the greatest common divisor of s and r.
3
Let l be (-3 + 33/15)*(-260)/8. Let s(t) = t**2 + 1 + 0 - 4*t + 3 - 3. Let u be s(6). Calculate the highest common divisor of l and u.
13
Let p(v) = -v**3 - 8*v**2 - 14*v + 12. Let b be p(-5). What is the highest common factor of b and 112?
7
Let m be (0 - -1)/(-1) + 23. Let v(x) = 20*x**2 + 23*x - 1. Let n be v(-2). Calculate the greatest common factor of m and n.
11
Suppose 5*y + 6 + 0 = 3*c, -c + 3*y = 2. Suppose -2*s + 512 = c*i - 3*i, -3*i + s = -384. What is the highest common divisor of 16 and i?
16
Let y = 3010 + -862. Calculate the greatest common factor of 12 and y.
12
Suppose 3*h - 60 = 15. Let d be (4*h)/(-2 - -3). Suppose 14*v = 15*v - d. What is the greatest common factor of v and 40?
20
Let n = 313 + -143. Let m be (n/(-5))/(-1 + 0). What is the highest common divisor of m and 17?
17
Let n be -3 - (-5 - -3)/((-1)/(-3)). Let t be ((-21)/9)/(n/(-108)). Calculate the highest common factor of t and 12.
12
Let d(f) = -10*f. Let k be d(-7). Suppose 4*w + 3*q = 68, -w + 6*w = 2*q + 62. What is the highest common factor of w and k?
14
Let r(k) = 8*k. Suppose 0 = 3*j + 2*j + 10. Let u be r(j). Let g = -1 - u. Calculate the highest common factor of 15 and g.
15
Let a(d) = -d**3 + 34*d**2 + 37*d - 69. Let l be a(35). Let u(y) = -y**2 + 8*y - 4. Let z be u(6). What is the greatest common factor of z and l?
1
Let c(i) = 809*i**2 + 10*i + 11. Let r be c(-1). What is the highest common divisor of 27 and r?
27
Let r = 69 - 35. Calculate the greatest common divisor of 153 and r.
17
Suppose 903 = 6*u + 213. Let r = -49 + u. What is the highest common divisor of 6 and r?
6
Suppose -180 - 45 = -9*v. What is the highest common factor of v and 100?
25
Suppose 11*b = 28*b - 1224. What is the highest common divisor of 120 and b?
24
Let s be -2 - 3/(-4 + 1). Let z(x) = 37*x**2 + 2*x + 1. Let y be z(s). Let h(t) = -4*t. Let o be h(-3). What is the highest common factor of o and y?
12
Suppose 0 = -4*i - 3*l + 108, -l + 81 = 7*i - 4*i. Suppose r - 7*s - 120 = -2*s, -2*s + 276 = 2*r. Calculate the greatest common divisor of i and r.
27
Let y(a) = a**3 - a**2 + a + 1. Let q be y(-1). Let p be (-13)/q*8*4. Let o be 68/3 + 3 + 1/3. Calculate the highest common divisor of p and o.
26
Suppose j = -j - b + 124, 5*b = 5*j - 325. What is the greatest common factor of 7 and j?
7
Suppose 33 = -6*c + 87. Calculate the highest common divisor of 1116 and c.
9
Suppose -3*q - 462 = -k - 4*q, 5*k - 5*q - 2260 = 0. Let z = k - 646. Let g = 42 - z. Calculate the greatest common factor of g and 21.
21
Let n be ((-136)/170)/(2/(-125)). Calculate the greatest common divisor of n and 125.
25
Let j(m) = -m**3 + 7*m**2 - 6*m + 4. Let y be j(6). Let d be (-44)/36 + 1 + (-80)/(-36). What is the highest common divisor of d and y?
2
Suppose -52 = -l - 3*l. Let r(h) = -h**3 + 10*h**2 + 11*h - 2. Let j be r(11). Let d be 1/j + (-940)/(-8). What is the greatest common divisor of d and l?
13
Let v be (81/5)/(7/70). What is the highest common factor of v and 54?
54
Let j be 6/(-2) + (-36)/(-4). Let z(a) = 9*a - 6. Let k be 18/((-12)/(-4)) + 2. Let d be z(k). Calculate the greatest common factor of d and j.
6
Let u(v) = v**3 - 6*v**2 + 4*v + 3. Let l be u(6). Suppose -1380 = 5*h - 10*h. Suppose 156 = 2*a - h. What is the greatest common factor of a and l?
27
Let g(h) = 7*h + h**2 - 4*h + 0*h**2 + 3*h - 11. Let s be g(-8). Calculate the highest common divisor of 35 and s.
5
Let h(w) = w**3 - 27*w**2 + w + 17. Let u be h(27). Calculate the greatest common factor of 44 and u.
44
Let w be (-144)/(-40) + 1*6/(-10). Suppose 0 = w*m - 2*m - 190. Calculate the highest common divisor of 76 and m.
38
Suppose 58 + 17 = 5*r. Let t = 39 + 96. Let j be (t/18)/((-1)/(-6)). What is the greatest common divisor of j and r?
15
Let a(k) = 7*k + 49. Let n be a(35). What is the greatest common divisor of 24 and n?
6
Suppose 5*q = -4*r - r + 1185, 4*q - 12 = 0. Let p(j) = -11*j - 48. Let u be p(-6). Calculate the highest common divisor of u and r.
18
Suppose 312*f = 314*f + 2*a - 66, 5*a = 2*f - 59. Suppose -2 = 5*o - 42. Calculate the highest common divisor of o and f.
8
Suppose 3*a + 2*l - 35 = -2*l, 10 = 2*l. Suppose 0*v = -a*v + 75. Suppose 0 = -d - 5*g + 15, -d + 57 = d + g. Calculate the greatest common factor of d and v.
15
Let p = -53 - -57. Suppose -4*o - 4 = -c + 14, 0 = 2*c - 3*o - 31. Suppose 10 = -5*k + 6*k - 2*n, -c = k + 4*n. Calculate the highest common factor of k and p.
2
Suppose -16*w + 0*w + 2560 = 0. Calculate the greatest common factor of w and 64.
32
Let z(v) = 2*v**2 - 12*v + 22. Let j be z(7). Let b be (4 + j)/4 - (-1 - -2). Let a be 33/9 - (-2)/(-3). What is the greatest common factor of b and a?
3
Suppose s = -7*b + 11*b + 409, -2*b - 824 = -2*s. Suppose -s = 5*w - 1513. What is the highest common factor of w and 88?
44
Let l be (-2*10/(-15))/(4/12). Suppose l*a + 130 = 230. What is the highest common factor of a and 275?
25
Let p = 2 - -163. What is the highest common factor of p and 33?
33
Let o(u) = 2*u - 8. Let c be o(6). Suppose -v + c = -12. Calculate the highest common divisor of v and 144.
16
Let q(n) = -39*n - 2 + n**3 - 16*n**2 - 1 + 40*n. Let g be q(16). What is the highest common factor of 65 and g?
13
Let c be 8/36 + 3*14248/108. Let w = 0 - 0. Suppose 4*a + w*a - c = 0. Calculate the greatest common factor of 9 and a.
9
Let i be ((-14)/(-14))/((-1)/(-52)). Let l be i + -2 + 2/4*-2. Calculate the highest common factor of 539 and l.
49
Suppose 5 + 7 = 3*h, -2*w = -h - 10. Let x = w - -5. Suppose 2*f = p - 118, 4*p - 4*f = 659 - 207. Calculate the greatest common divisor of x and p.
12
Suppose -15*t + 18*t = 3. Let z(a) be the first derivative of 55*a**2 - 8. Let l be z(t). What is the highest common divisor of l and 10?
10
Let q be (-3)/2 + (-546)/(-4). Let l be (-11508)/(-756) - (-2)/(-9). Calculate the highest common factor of l and q.
15
Let z(t) = t + 298. Let i be z(21). What is the greatest common factor of i and 22?
11
Let z(j) = 21*j**2 + 4*j - 1. Let t be z(3). Suppose 7*i - 9*i + t = 0. What is the highest common factor of i and 25?
25
Suppose -o + 11 = q, -3*o + 3*q + 3 = -0*o. Let p be 1*2 - (-3 + -7). What is the greatest common divisor of p and o?
6
Let g = 1542 + -1537. Calculate the greatest common divisor of g and 1270.
5
Let z = -1948 - -2206. What is the highest common factor of 559 and z?
43
Suppose 5*r = -20, -b = 9*r - 8*r - 24. Calculate the greatest common divisor of b and 1708.
28
Let q(g) = -4*g. Let y be q(6). Let n be y*3*1/2. Let k be (n/5)/((-15)/50). Calculate t